{"id":102,"date":"2007-04-20T10:25:19","date_gmt":"2007-04-20T08:25:19","guid":{"rendered":"http:\/\/www.foerderverein-der-baeder.de\/?page_id=102"},"modified":"2007-04-20T10:29:29","modified_gmt":"2007-04-20T08:29:29","slug":"projekte","status":"publish","type":"page","link":"https:\/\/www.foerderverein-der-baeder.de\/?page_id=102","title":{"rendered":"Projekte"},"content":{"rendered":"<p>Hier ein \u00dcberblick \u00fcber die vom F\u00f6rderverein bisher umgesetzten Projekte:<\/p>\n<p><strong>Rutsche im Freibad (1997)<br \/>\n<\/strong><\/p>\n<p><a href=\"https:\/\/www.foerderverein-der-baeder.de\/wp-content\/uploads\/2007\/04\/rutsche2.JPG\" title=\"rutsche2.JPG\"><img decoding=\"async\" src=\"https:\/\/www.foerderverein-der-baeder.de\/wp-content\/uploads\/2007\/04\/rutsche2.JPG\" alt=\"rutsche2.JPG\" \/><\/a><\/p>\n<p><a href=\"https:\/\/www.foerderverein-der-baeder.de\/wp-content\/uploads\/2007\/04\/rutsche1.JPG\" title=\"rutsche1.JPG\"><img decoding=\"async\" src=\"https:\/\/www.foerderverein-der-baeder.de\/wp-content\/uploads\/2007\/04\/rutsche1.JPG\" alt=\"rutsche1.JPG\" \/><\/a><\/p>\n<p><strong>. <\/strong><\/p>\n<p><strong>Vereinsheim des Schwimmverein Friedrichsthal (1997)<\/strong>, in Eigenregie durch den Schwimmverein erstellt, wird im Sommer zur Bewirtung der Freibadbesucher benutzt<\/p>\n<p><a href=\"https:\/\/www.foerderverein-der-baeder.de\/wp-content\/uploads\/2007\/04\/vereinsheim.JPG\" title=\"vereinsheim.JPG\"><img decoding=\"async\" src=\"https:\/\/www.foerderverein-der-baeder.de\/wp-content\/uploads\/2007\/04\/vereinsheim.JPG\" alt=\"vereinsheim.JPG\" \/><\/a><\/p>\n<p>.<\/p>\n<p><strong>Kleinkinder-Rutsche  (Frei- und Hallenbad, 1998)<\/strong><\/p>\n<p><a href=\"https:\/\/www.foerderverein-der-baeder.de\/wp-content\/uploads\/2007\/04\/kleinkinderrutsche1.JPG\" title=\"kleinkinderrutsche1.JPG\"><img decoding=\"async\" src=\"https:\/\/www.foerderverein-der-baeder.de\/wp-content\/uploads\/2007\/04\/kleinkinderrutsche1.JPG\" alt=\"kleinkinderrutsche1.JPG\" \/><\/a><\/p>\n<p>.<\/p>\n<p><strong>Sonnenterasse im Freibad (1998)<br \/>\n<\/strong><\/p>\n<p><a href=\"https:\/\/www.foerderverein-der-baeder.de\/wp-content\/uploads\/2007\/04\/sonnenterasse.JPG\" title=\"sonnenterasse.JPG\"><img decoding=\"async\" src=\"https:\/\/www.foerderverein-der-baeder.de\/wp-content\/uploads\/2007\/04\/sonnenterasse.JPG\" alt=\"sonnenterasse.JPG\" \/><\/a><\/p>\n<p>.<\/p>\n<p><strong>Block-Heiz-Kraftwerk (genutzt f\u00fcr Frei- und Hallenbad, 1998)<\/strong>  zum  g\u00fcnstigeren Erzeugen von Strom und W\u00e4rme<\/p>\n<p><a href=\"https:\/\/www.foerderverein-der-baeder.de\/wp-content\/uploads\/2007\/04\/bhkw.JPG\" title=\"bhkw.JPG\"><img decoding=\"async\" src=\"https:\/\/www.foerderverein-der-baeder.de\/wp-content\/uploads\/2007\/04\/bhkw.JPG\" alt=\"bhkw.JPG\" \/><\/a><\/p>\n<p>.<\/p>\n<p><strong>Tischtennis-Platte (1999)<br \/>\n<\/strong><\/p>\n<p><a href=\"https:\/\/www.foerderverein-der-baeder.de\/wp-content\/uploads\/2007\/04\/tischtennis.JPG\" title=\"tischtennis.JPG\"><img decoding=\"async\" src=\"https:\/\/www.foerderverein-der-baeder.de\/wp-content\/uploads\/2007\/04\/tischtennis.JPG\" alt=\"tischtennis.JPG\" \/><\/a><br \/>\n.<\/p>\n<p><strong>Sprungbecken - gespendet durch Christel und Alois Uder (2000)<br \/>\n<\/strong><\/p>\n<p><a href=\"https:\/\/www.foerderverein-der-baeder.de\/wp-content\/uploads\/2007\/04\/sprungbecken.JPG\" title=\"sprungbecken.JPG\"><img decoding=\"async\" src=\"https:\/\/www.foerderverein-der-baeder.de\/wp-content\/uploads\/2007\/04\/sprungbecken.JPG\" alt=\"sprungbecken.JPG\" \/><\/a><\/p>\n<p>.<\/p>\n<p><strong>Unterwasser-Massage-Station im Hallenbad (2001)<br \/>\n<\/strong><\/p>\n<p><a href=\"https:\/\/www.foerderverein-der-baeder.de\/wp-content\/uploads\/2007\/04\/unterwassermassage.JPG\" title=\"unterwassermassage.JPG\"><img decoding=\"async\" src=\"https:\/\/www.foerderverein-der-baeder.de\/wp-content\/uploads\/2007\/04\/unterwassermassage.JPG\" alt=\"unterwassermassage.JPG\" \/><\/a><\/p>\n<p>.<\/p>\n<p><strong>Spielger\u00e4t im Freibad (2002)<br \/>\n<\/strong><\/p>\n<p><a href=\"https:\/\/www.foerderverein-der-baeder.de\/wp-content\/uploads\/2007\/04\/spielgerat1.JPG\" title=\"spielgerat1.JPG\"><img decoding=\"async\" src=\"https:\/\/www.foerderverein-der-baeder.de\/wp-content\/uploads\/2007\/04\/spielgerat1.JPG\" alt=\"spielgerat1.JPG\" \/><\/a><\/p>\n<p><a href=\"https:\/\/www.foerderverein-der-baeder.de\/wp-content\/uploads\/2007\/04\/spielgerat2.JPG\" title=\"spielgerat2.JPG\"><img decoding=\"async\" src=\"https:\/\/www.foerderverein-der-baeder.de\/wp-content\/uploads\/2007\/04\/spielgerat2.JPG\" alt=\"spielgerat2.JPG\" \/><\/a><\/p>\n<p><a href=\"https:\/\/www.foerderverein-der-baeder.de\/wp-content\/uploads\/2007\/04\/spielgerat4.JPG\" title=\"spielgerat4.JPG\"><img decoding=\"async\" src=\"https:\/\/www.foerderverein-der-baeder.de\/wp-content\/uploads\/2007\/04\/spielgerat4.JPG\" alt=\"spielgerat4.JPG\" \/><\/a><br \/>\n.<\/p>\n<p><strong>Planschbecken im Hallenbad (2002)<br \/>\n<\/strong><\/p>\n<p><a href=\"https:\/\/www.foerderverein-der-baeder.de\/wp-content\/uploads\/2007\/04\/planschbecken1.JPG\" title=\"planschbecken1.JPG\"><img decoding=\"async\" src=\"https:\/\/www.foerderverein-der-baeder.de\/wp-content\/uploads\/2007\/04\/planschbecken1.JPG\" alt=\"planschbecken1.JPG\" \/><\/a><\/p>\n<p>.<\/p>\n<p><strong>Dampfsauna im Hallenbad (2003)<br \/>\n<\/strong><\/p>\n<p><a href=\"https:\/\/www.foerderverein-der-baeder.de\/wp-content\/uploads\/2007\/04\/dampfsauna.JPG\" title=\"dampfsauna.JPG\"><img decoding=\"async\" src=\"https:\/\/www.foerderverein-der-baeder.de\/wp-content\/uploads\/2007\/04\/dampfsauna.JPG\" alt=\"dampfsauna.JPG\" \/><\/a><\/p>\n","protected":false},"excerpt":{"rendered":"<p>Hier ein \u00dcberblick \u00fcber die vom F\u00f6rderverein bisher umgesetzten Projekte: Rutsche im Freibad (1997) . Vereinsheim des Schwimmverein Friedrichsthal (1997), in Eigenregie durch den Schwimmverein erstellt, wird im Sommer zur Bewirtung der Freibadbesucher benutzt . Kleinkinder-Rutsche (Frei- und Hallenbad, 1998) . Sonnenterasse im Freibad (1998) . Block-Heiz-Kraftwerk (genutzt f\u00fcr Frei- und Hallenbad, 1998) zum g\u00fcnstigeren <a href=\"https:\/\/www.foerderverein-der-baeder.de\/?page_id=102\" class=\"more-link\">...weiterlesen<span class=\"screen-reader-text\"> \"Projekte\"<\/span><\/a><\/p>\n","protected":false},"author":1,"featured_media":0,"parent":0,"menu_order":0,"comment_status":"closed","ping_status":"open","template":"","meta":{"footnotes":""},"class_list":["post-102","page","type-page","status-publish","h-entry","hentry","h-as-page"],"_links":{"self":[{"href":"https:\/\/www.foerderverein-der-baeder.de\/index.php?rest_route=\/wp\/v2\/pages\/102","targetHints":{"allow":["GET"]}}],"collection":[{"href":"https:\/\/www.foerderverein-der-baeder.de\/index.php?rest_route=\/wp\/v2\/pages"}],"about":[{"href":"https:\/\/www.foerderverein-der-baeder.de\/index.php?rest_route=\/wp\/v2\/types\/page"}],"author":[{"embeddable":true,"href":"https:\/\/www.foerderverein-der-baeder.de\/index.php?rest_route=\/wp\/v2\/users\/1"}],"replies":[{"embeddable":true,"href":"https:\/\/www.foerderverein-der-baeder.de\/index.php?rest_route=%2Fwp%2Fv2%2Fcomments&post=102"}],"version-history":[{"count":0,"href":"https:\/\/www.foerderverein-der-baeder.de\/index.php?rest_route=\/wp\/v2\/pages\/102\/revisions"}],"wp:attachment":[{"href":"https:\/\/www.foerderverein-der-baeder.de\/index.php?rest_route=%2Fwp%2Fv2%2Fmedia&parent=102"}],"curies":[{"name":"wp","href":"https:\/\/api.w.org\/{rel}","templated":true}]}}